{"id":55607,"date":"2026-04-16T17:52:47","date_gmt":"2026-04-16T17:52:47","guid":{"rendered":"https:\/\/www.garra.es\/aviso-legal\/"},"modified":"2026-04-22T12:14:06","modified_gmt":"2026-04-22T12:14:06","slug":"mentions-legales","status":"publish","type":"page","link":"https:\/\/www.garra.es\/fr\/mentions-legales\/","title":{"rendered":"Mentions L\u00e9gales"},"content":{"rendered":"<div class=\"et_pb_section_0 et_pb_section et_section_regular et_flex_section\">\n<div class=\"et_pb_row_0 et_pb_row et_flex_row\">\n<div class=\"et_pb_column_0 et_pb_column et-last-child et_flex_column et_pb_css_mix_blend_mode_passthrough et_flex_column_24_24 et_flex_column_24_24_tablet et_flex_column_24_24_phone\">\n<div class=\"et_pb_text_0 et_pb_text et_pb_bg_layout_light et_pb_module et_flex_module\"><div class=\"et_pb_text_inner\"><br \/>\n<h1>Mentions L\u00e9gales<\/h1>\n<h2>1. Donn\u00e9es Identifiantes<\/h2>\n<p>Conform\u00e9ment au devoir d'information pr\u00e9vu \u00e0 l'article 10 de la Loi 34\/2002 du 11 juillet sur les services de la soci\u00e9t\u00e9 de l'information et du commerce \u00e9lectronique (LSSI-CE), les donn\u00e9es suivantes sont indiqu\u00e9es ci-dessous :<\/p>\n<ul>\n<li><strong>Raison sociale :<\/strong> INDUSTRIAS GARRA SA<\/li>\n<li><strong>NIF (Num\u00e9ro d'identification fiscale) :<\/strong> A48106504<\/li>\n<li><strong>Si\u00e8ge social :<\/strong> Pol\u00edgono Industrial Eitua, 14, 48240, Berriz (Biscaye)<\/li>\n<li><strong>E-mail de contact :<\/strong> garra@garra.es<\/li>\n<\/ul>\n<h2>2. Utilisateurs<\/h2>\n<p>L'acc\u00e8s et\/ou l'utilisation de ce site web attribue la condition d'<strong>UTILISATEUR<\/strong>, qui accepte, d\u00e8s cet acc\u00e8s et\/ou cette utilisation, les Conditions G\u00e9n\u00e9rales d'Utilisation d\u00e9crites ici.<\/p>\n<h2>3. Utilisation du site web<\/h2>\n<p>Le site web permet l'acc\u00e8s \u00e0 diverses informations et donn\u00e9es appartenant \u00e0 <strong>INDUSTRIAS GARRA SA<\/strong>. L'utilisateur assume la responsabilit\u00e9 de l'utilisation du portail et s'engage \u00e0 faire un usage appropri\u00e9 des contenus et services, en s'abstenant de :<\/p>\n<ul>\n<li>Prendre part \u00e0 des activit\u00e9s illicites, ill\u00e9gales ou contraires \u00e0 la bonne foi et \u00e0 l'ordre public.<\/li>\n<li>Causer des dommages aux syst\u00e8mes physiques et logiques de <strong>INDUSTRIAS GARRA SA<\/strong>, de ses fournisseurs ou de tiers.<\/li>\n<\/ul>\n<h2>4. Propri\u00e9t\u00e9 Intellectuelle et Industrielle<\/h2>\n<p><strong>INDUSTRIAS GARRA SA<\/strong>, en tant que propri\u00e9taire ou cessionnaire, est titulaire de tous les droits de propri\u00e9t\u00e9 intellectuelle et industrielle de son site web, ainsi que des \u00e9l\u00e9ments contenus dans celui-ci.<\/p>\n<p><strong>Tous droits r\u00e9serv\u00e9s.<\/strong> La reproduction, la distribution et la communication publique, y compris le mode de mise \u00e0 disposition, de tout ou partie du contenu de ce site web, \u00e0 des fins commerciales, sur quelque support que ce soit et par quelque moyen technique que ce soit, sont express\u00e9ment interdites sans l'autorisation de <strong>INDUSTRIAS GARRA SA<\/strong>.<\/p>\n<h2>5. Exclusion de Garanties et Responsabilit\u00e9<\/h2>\n<p><strong>INDUSTRIAS GARRA SA<\/strong> ne sera en aucun cas responsable des dommages et pr\u00e9judices de toute nature pouvant r\u00e9sulter d'erreurs ou d'omissions dans les contenus, du manque de disponibilit\u00e9 du portail ou de la transmission de virus, malgr\u00e9 l'adoption de toutes les mesures technologiques n\u00e9cessaires pour l'\u00e9viter.<\/p>\n<h2>6. Modifications<\/h2>\n<p><strong>INDUSTRIAS GARRA SA<\/strong> se r\u00e9serve le droit d'effectuer sans pr\u00e9avis les modifications qu'elle juge opportunes sur son portail, pouvant changer, supprimer ou ajouter aussi bien les contenus que la mani\u00e8re dont ils sont pr\u00e9sent\u00e9s ou localis\u00e9s.<\/p>\n<h2>7. L\u00e9gislation Applicable et Juridiction<\/h2>\n<p>La relation entre <strong>INDUSTRIAS GARRA SA<\/strong> et l'utilisateur sera r\u00e9gie par la r\u00e9glementation espagnole en vigueur et tout litige sera soumis aux tribunaux de la ville de Bilbao (Biscaye).<\/p>\n<p><\/body><br \/>\n<\/html><\/p>\n<\/div><\/div>\n<\/div>\n<\/div>\n<\/div>","protected":false},"excerpt":{"rendered":"","protected":false},"author":1,"featured_media":0,"parent":0,"menu_order":0,"comment_status":"closed","ping_status":"closed","template":"","meta":{"footnotes":""},"class_list":["post-55607","page","type-page","status-publish","hentry"],"yoast_head":"<!-- This site is optimized with the Yoast SEO plugin v27.4 - https:\/\/yoast.com\/product\/yoast-seo-wordpress\/ -->\n<title>Mentions L\u00e9gales - Industrias Garra<\/title>\n<meta name=\"robots\" content=\"index, follow, max-snippet:-1, max-image-preview:large, max-video-preview:-1\" \/>\n<link rel=\"canonical\" href=\"https:\/\/www.garra.es\/aviso-legal\/\" \/>\n<meta property=\"og:locale\" content=\"fr_FR\" \/>\n<meta property=\"og:type\" content=\"article\" \/>\n<meta property=\"og:title\" content=\"Mentions L\u00e9gales - Industrias Garra\" \/>\n<meta property=\"og:url\" content=\"https:\/\/www.garra.es\/aviso-legal\/\" \/>\n<meta property=\"og:site_name\" content=\"Industrias Garra\" \/>\n<meta property=\"article:modified_time\" content=\"2026-04-22T12:14:06+00:00\" \/>\n<meta name=\"twitter:card\" content=\"summary_large_image\" \/>\n<script type=\"application\/ld+json\" class=\"yoast-schema-graph\">{\"@context\":\"https:\\\/\\\/schema.org\",\"@graph\":[{\"@type\":\"WebPage\",\"@id\":\"https:\\\/\\\/www.garra.es\\\/aviso-legal\\\/\",\"url\":\"https:\\\/\\\/www.garra.es\\\/aviso-legal\\\/\",\"name\":\"Mentions L\u00e9gales - Industrias Garra\",\"isPartOf\":{\"@id\":\"https:\\\/\\\/www.garra.es\\\/#website\"},\"datePublished\":\"2026-04-16T17:52:47+00:00\",\"dateModified\":\"2026-04-22T12:14:06+00:00\",\"breadcrumb\":{\"@id\":\"https:\\\/\\\/www.garra.es\\\/aviso-legal\\\/#breadcrumb\"},\"inLanguage\":\"fr-FR\",\"potentialAction\":[{\"@type\":\"ReadAction\",\"target\":[\"https:\\\/\\\/www.garra.es\\\/aviso-legal\\\/\"]}]},{\"@type\":\"BreadcrumbList\",\"@id\":\"https:\\\/\\\/www.garra.es\\\/aviso-legal\\\/#breadcrumb\",\"itemListElement\":[{\"@type\":\"ListItem\",\"position\":1,\"name\":\"Portada\",\"item\":\"https:\\\/\\\/www.garra.es\\\/fr\\\/\"},{\"@type\":\"ListItem\",\"position\":2,\"name\":\"Mentions L\u00e9gales\"}]},{\"@type\":\"WebSite\",\"@id\":\"https:\\\/\\\/www.garra.es\\\/#website\",\"url\":\"https:\\\/\\\/www.garra.es\\\/\",\"name\":\"Industrias Garra\",\"description\":\"Fabricante de accesorios para cadenas y cables de acero\",\"potentialAction\":[{\"@type\":\"SearchAction\",\"target\":{\"@type\":\"EntryPoint\",\"urlTemplate\":\"https:\\\/\\\/www.garra.es\\\/?s={search_term_string}\"},\"query-input\":{\"@type\":\"PropertyValueSpecification\",\"valueRequired\":true,\"valueName\":\"search_term_string\"}}],\"inLanguage\":\"fr-FR\"}]}<\/script>\n<!-- \/ Yoast SEO plugin. -->","yoast_head_json":{"title":"Mentions L\u00e9gales - Industrias Garra","robots":{"index":"index","follow":"follow","max-snippet":"max-snippet:-1","max-image-preview":"max-image-preview:large","max-video-preview":"max-video-preview:-1"},"canonical":"https:\/\/www.garra.es\/aviso-legal\/","og_locale":"fr_FR","og_type":"article","og_title":"Mentions L\u00e9gales - Industrias Garra","og_url":"https:\/\/www.garra.es\/aviso-legal\/","og_site_name":"Industrias Garra","article_modified_time":"2026-04-22T12:14:06+00:00","twitter_card":"summary_large_image","schema":{"@context":"https:\/\/schema.org","@graph":[{"@type":"WebPage","@id":"https:\/\/www.garra.es\/aviso-legal\/","url":"https:\/\/www.garra.es\/aviso-legal\/","name":"Mentions L\u00e9gales - Industrias Garra","isPartOf":{"@id":"https:\/\/www.garra.es\/#website"},"datePublished":"2026-04-16T17:52:47+00:00","dateModified":"2026-04-22T12:14:06+00:00","breadcrumb":{"@id":"https:\/\/www.garra.es\/aviso-legal\/#breadcrumb"},"inLanguage":"fr-FR","potentialAction":[{"@type":"ReadAction","target":["https:\/\/www.garra.es\/aviso-legal\/"]}]},{"@type":"BreadcrumbList","@id":"https:\/\/www.garra.es\/aviso-legal\/#breadcrumb","itemListElement":[{"@type":"ListItem","position":1,"name":"Portada","item":"https:\/\/www.garra.es\/fr\/"},{"@type":"ListItem","position":2,"name":"Mentions L\u00e9gales"}]},{"@type":"WebSite","@id":"https:\/\/www.garra.es\/#website","url":"https:\/\/www.garra.es\/","name":"Industrias Garra","description":"Fabricante de accesorios para cadenas y cables de acero","potentialAction":[{"@type":"SearchAction","target":{"@type":"EntryPoint","urlTemplate":"https:\/\/www.garra.es\/?s={search_term_string}"},"query-input":{"@type":"PropertyValueSpecification","valueRequired":true,"valueName":"search_term_string"}}],"inLanguage":"fr-FR"}]}},"_links":{"self":[{"href":"https:\/\/www.garra.es\/fr\/wp-json\/wp\/v2\/pages\/55607","targetHints":{"allow":["GET"]}}],"collection":[{"href":"https:\/\/www.garra.es\/fr\/wp-json\/wp\/v2\/pages"}],"about":[{"href":"https:\/\/www.garra.es\/fr\/wp-json\/wp\/v2\/types\/page"}],"author":[{"embeddable":true,"href":"https:\/\/www.garra.es\/fr\/wp-json\/wp\/v2\/users\/1"}],"replies":[{"embeddable":true,"href":"https:\/\/www.garra.es\/fr\/wp-json\/wp\/v2\/comments?post=55607"}],"version-history":[{"count":3,"href":"https:\/\/www.garra.es\/fr\/wp-json\/wp\/v2\/pages\/55607\/revisions"}],"predecessor-version":[{"id":55617,"href":"https:\/\/www.garra.es\/fr\/wp-json\/wp\/v2\/pages\/55607\/revisions\/55617"}],"wp:attachment":[{"href":"https:\/\/www.garra.es\/fr\/wp-json\/wp\/v2\/media?parent=55607"}],"curies":[{"name":"wp","href":"https:\/\/api.w.org\/{rel}","templated":true}]}}

Mentions Légales

<div class="et_pb_section_0 et_pb_section et_section_regular et_flex_section">
<div class="et_pb_row_0 et_pb_row et_flex_row">
<div class="et_pb_column_0 et_pb_column et-last-child et_flex_column et_pb_css_mix_blend_mode_passthrough et_flex_column_24_24 et_flex_column_24_24_tablet et_flex_column_24_24_phone">
<div class="et_pb_text_0 et_pb_text et_pb_bg_layout_light et_pb_module et_flex_module"><div class="et_pb_text_inner"><br />
<h1>Mentions Légales</h1>
<h2>1. Données Identifiantes</h2>
<p>Conformément au devoir d'information prévu à l'article 10 de la Loi 34/2002 du 11 juillet sur les services de la société de l'information et du commerce électronique (LSSI-CE), les données suivantes sont indiquées ci-dessous :</p>
<ul>
<li><strong>Raison sociale :</strong> INDUSTRIAS GARRA SA</li>
<li><strong>NIF (Numéro d'identification fiscale) :</strong> A48106504</li>
<li><strong>Siège social :</strong> Polígono Industrial Eitua, 14, 48240, Berriz (Biscaye)</li>
<li><strong>E-mail de contact :</strong> garra@garra.es</li>
</ul>
<h2>2. Utilisateurs</h2>
<p>L'accès et/ou l'utilisation de ce site web attribue la condition d'<strong>UTILISATEUR</strong>, qui accepte, dès cet accès et/ou cette utilisation, les Conditions Générales d'Utilisation décrites ici.</p>
<h2>3. Utilisation du site web</h2>
<p>Le site web permet l'accès à diverses informations et données appartenant à <strong>INDUSTRIAS GARRA SA</strong>. L'utilisateur assume la responsabilité de l'utilisation du portail et s'engage à faire un usage approprié des contenus et services, en s'abstenant de :</p>
<ul>
<li>Prendre part à des activités illicites, illégales ou contraires à la bonne foi et à l'ordre public.</li>
<li>Causer des dommages aux systèmes physiques et logiques de <strong>INDUSTRIAS GARRA SA</strong>, de ses fournisseurs ou de tiers.</li>
</ul>
<h2>4. Propriété Intellectuelle et Industrielle</h2>
<p><strong>INDUSTRIAS GARRA SA</strong>, en tant que propriétaire ou cessionnaire, est titulaire de tous les droits de propriété intellectuelle et industrielle de son site web, ainsi que des éléments contenus dans celui-ci.</p>
<p><strong>Tous droits réservés.</strong> La reproduction, la distribution et la communication publique, y compris le mode de mise à disposition, de tout ou partie du contenu de ce site web, à des fins commerciales, sur quelque support que ce soit et par quelque moyen technique que ce soit, sont expressément interdites sans l'autorisation de <strong>INDUSTRIAS GARRA SA</strong>.</p>
<h2>5. Exclusion de Garanties et Responsabilité</h2>
<p><strong>INDUSTRIAS GARRA SA</strong> ne sera en aucun cas responsable des dommages et préjudices de toute nature pouvant résulter d'erreurs ou d'omissions dans les contenus, du manque de disponibilité du portail ou de la transmission de virus, malgré l'adoption de toutes les mesures technologiques nécessaires pour l'éviter.</p>
<h2>6. Modifications</h2>
<p><strong>INDUSTRIAS GARRA SA</strong> se réserve le droit d'effectuer sans préavis les modifications qu'elle juge opportunes sur son portail, pouvant changer, supprimer ou ajouter aussi bien les contenus que la manière dont ils sont présentés ou localisés.</p>
<h2>7. Législation Applicable et Juridiction</h2>
<p>La relation entre <strong>INDUSTRIAS GARRA SA</strong> et l'utilisateur sera régie par la réglementation espagnole en vigueur et tout litige sera soumis aux tribunaux de la ville de Bilbao (Biscaye).</p>
<p></body><br />
</html></p>
</div></div>
</div>
</div>
</div>

<!-- This site is optimized with the Yoast SEO plugin v27.4 - https://yoast.com/product/yoast-seo-wordpress/ -->
<title>Mentions Légales - Industrias Garra</title>
<meta name="robots" content="index, follow, max-snippet:-1, max-image-preview:large, max-video-preview:-1" />
<link rel="canonical" href="https://www.garra.es/aviso-legal/" />
<meta property="og:locale" content="fr_FR" />
<meta property="og:type" content="article" />
<meta property="og:title" content="Mentions Légales - Industrias Garra" />
<meta property="og:url" content="https://www.garra.es/aviso-legal/" />
<meta property="og:site_name" content="Industrias Garra" />
<meta property="article:modified_time" content="2026-04-22T12:14:06+00:00" />
<meta name="twitter:card" content="summary_large_image" />
<script type="application/ld+json" class="yoast-schema-graph">{"@context":"https:\/\/schema.org","@graph":[{"@type":"WebPage","@id":"https:\/\/www.garra.es\/aviso-legal\/","url":"https:\/\/www.garra.es\/aviso-legal\/","name":"Mentions Légales - Industrias Garra","isPartOf":{"@id":"https:\/\/www.garra.es\/#website"},"datePublished":"2026-04-16T17:52:47+00:00","dateModified":"2026-04-22T12:14:06+00:00","breadcrumb":{"@id":"https:\/\/www.garra.es\/aviso-legal\/#breadcrumb"},"inLanguage":"fr-FR","potentialAction":[{"@type":"ReadAction","target":["https:\/\/www.garra.es\/aviso-legal\/"]}]},{"@type":"BreadcrumbList","@id":"https:\/\/www.garra.es\/aviso-legal\/#breadcrumb","itemListElement":[{"@type":"ListItem","position":1,"name":"Portada","item":"https:\/\/www.garra.es\/fr\/"},{"@type":"ListItem","position":2,"name":"Mentions Légales"}]},{"@type":"WebSite","@id":"https:\/\/www.garra.es\/#website","url":"https:\/\/www.garra.es\/","name":"Industrias Garra","description":"Fabricante de accesorios para cadenas y cables de acero","potentialAction":[{"@type":"SearchAction","target":{"@type":"EntryPoint","urlTemplate":"https:\/\/www.garra.es\/?s={search_term_string}"},"query-input":{"@type":"PropertyValueSpecification","valueRequired":true,"valueName":"search_term_string"}}],"inLanguage":"fr-FR"}]}</script>
<!-- / Yoast SEO plugin. -->

Mentions Légales - Industrias Garra
